se -5*s = -n - g, 0*s + s = -4*n + 70. List the prime factors of s.
2, 3
Suppose 0 = -4*v + 22 + 2. Suppose v*o + 3*o - 1080 = 0. List the prime factors of o.
2, 3, 5
Let y = 29 - 25. Suppose y*i = 135 + 37. List the prime factors of i.
43
Let i be (-1)/(-4 + 2)*4. Let x(y) = i*y + 9*y**2 - 3*y + 2 + y**2 - 2*y. What are the prime factors of x(2)?
2, 3
Let b be 30/9*(-15)/(3 - 2). Let d = b - -90. What are the prime factors of d?
2, 5
Let i = -32 + 58. Let j = -17 + i. What are the prime factors of j?
3
Let h(q) = -q**3 - 62*q**2 + 129*q + 190. What are the prime factors of h(-65)?
2, 5, 7
Suppose 3*m = 2*t - 186 - 710, -4*m + 16 = 0. Let g = -206 + t. What are the prime factors of g?
2, 31
Let l(d) be the second derivative of d**5/20 + d**4/2 + 2*d**3/3 + d. Let j be l(-6). Let y = j + 46. List the prime factors of y.
2, 11
Let t(f) = 26*f + 200. List the prime factors of t(8).
2, 3, 17
Let y be (-4)/4 + (-1)/((-1)/(-2)). List the prime factors of (-5 + 6)*y + 362/2.
2, 89
Let n = 14 + 73. Suppose -4*s + 2 = 5*t, -t - 2*t = -4*s + 18. Suppose s*z - 207 + n = 0. List the prime factors of z.
2, 5
Suppose -7*j + 2*c = -6*j - 19, -c = -3*j + 37. Let l(y) = 4*y - 38. What are the prime factors of l(j)?
2, 3
Suppose -h - 3 = -8. Let c = 4 - h. List the prime factors of 19/(c + 2) - -3.
2, 11
Suppose b + d = 5, -d - 2 = -5*b + 5. Suppose 0 = b*u - u. Suppose -k - 4*k + 35 = u. List the prime factors of k.
7
Let q be 45/2 + (-33)/22. Let r = q + -18. Suppose 0 = -5*w - 10, -s - w - r*w = -27. List the prime factors of s.
5, 7
Let k be (-583)/44 + 2/8. Let h = -21 - k. Let d(m) = -m - 2. List the prime factors of d(h).
2, 3
Let a(s) = -s**2 - 12*s + 15. Let j be a(-13). Suppose j + 70 = 6*p. List the prime factors of p.
2, 3
Suppose x - 3614 = 3*f - 170, 5*x - 4*f = 17253. List the prime factors of x.
3, 1151
What are the prime factors of 1387 - (4 - (-6)/(-1 + -2))?
5, 277
Suppose 5*c - 5*s - 38 = -98, 5*c + 52 = 3*s. What are the prime factors of c/((-145)/70 - -2)?
2, 7
Suppose 6 = 12*m - 6. Suppose -4*y + 13 + 75 = 0. Let j = y - m. List the prime factors of j.
3, 7
Suppose -t - 4*g = 0, -t + g - 2 = 3. List the prime factors of t/12*0 - -122.
2, 61
Let j be ((-2128)/(-6))/(5/15). Suppose 4*y - 3*p - j = -2*p, -1088 = -4*y - 5*p. List the prime factors of y.
3, 89
Suppose -402*a + 369 = -401*a. What are the prime factors of a?
3, 41
Suppose -11081 = 23*q - 34035. List the prime factors of q.
2, 499
Suppose 14*t = 10*t + 20. Suppose 2*q - 28 = -t*q. List the prime factors of q.
2
Let c(s) = s**2 - 6*s + 1. Let l be c(6). Let f(q) = 93*q - 1. Let n be f(l). Suppose -t + n = t. List the prime factors of t.
2, 23
Let d = 370 - 188. Let n = d - 95. What are the prime factors of n?
3, 29
Let q(i) be the second derivative of i**3/6 - i**2/2 + 3*i. Let a be q(1). Suppose a = 5*l - l - 64. What are the prime factors of l?
2
What are the prime factors of 38538/14 - ((-120)/28 + 4)?
2753
Suppose -42 = -9*w - 6. Suppose 0 = -w*p + 2*v + 710, 0 = 5*p - v - 649 - 240. List the prime factors of p.
2, 89
Suppose -1442 = -4*x - 5*d, -3*x = x - 4*d - 1424. List the prime factors of x.
2, 179
Suppose 82604 = 94*h - 451974. What are the prime factors of h?
11, 47
Let t(l) = -3 - l + 3*l + 0 - 15. List the prime factors of t(17).
2
Let c(f) = -f**2 - 6*f - 3. Let v be c(-4). Suppose -3*s = -0*l + 4*l - 121, v*l - 157 = 2*s. List the prime factors of l.
31
Suppose -7*a = -0*a + 119. Let k = a - -15. List the prime factors of (7/14)/(k/(-160)).
2, 5
Let l(k) = 6*k - 20. Suppose 0*i + z = -5*i + 70, 56 = 4*i - 5*z. What are the prime factors of l(i)?
2
Suppose -6*x + 4776 = -36. What are the prime factors of x?
2, 401
What are the prime factors of 42*((-32)/96)/(1/(-71))?
2, 7, 71
What are the prime factors of (-55382)/(-22) + (-6 - 310/(-55))?
3, 839
Let z = -576 - -3268. List the prime factors of z.
2, 673
Let m(v) = v**3 + 2*v**2 - 8*v - 5. Let k be m(-4). What are the prime factors of (-1)/((-2)/(29 + (k - -2)))?
13
Let o = 200 - 80. What are the prime factors of o?
2, 3, 5
List the prime factors of (-262)/(-6)*6/4*20.
2, 5, 131
Suppose -3*w + 40 = w. Let b be ((-16)/w)/((-2)/5). Suppose 0 = b*o - 9*o + 10. What are the prime factors of o?
2
Let t = 33 + -23. Suppose 5*j = 2*p - 24 - t, 5*p - 115 = 5*j. Suppose 4*y = 16, p = m - y + 7. What are the prime factors of m?
2, 3
Let l be ((-27)/6)/((-3)/4). Suppose -l*a + 95 = -a. What are the prime factors of a?
19
Let w be (28/6)/(6/36). Let u = -23 + w. Suppose -2*a = u*j + 2 - 27, -3*a - 15 = 0. List the prime factors of j.
7
Let o be 3/(3 + 2 + -4). Let s(n) = 3*n**2 - 3*n + 6. Let q be s(o). What are the prime factors of 8/q - 76/(-6)?
13
Let m(a) be the first derivative of -5 + 14*a + 9/2*a**2 + 1/3*a**3. List the prime factors of m(-10).
2, 3
Suppose -3*a = 4*f - a - 6, 0 = 3*f + 5*a - 1. Suppose 2*i + 2 = 4*k - f, -5*i = -3*k - 4. What are the prime factors of 9/(-18) + 5/k?
2
Let t(q) = q**3 + 7*q**2 + 6. Let x be t(5). Suppose -3*h + 6*h + 2*p = x, -p = -5*h + 523. Suppose 0 = 4*d - 0*d - h. What are the prime factors of d?
2, 13
Suppose t - 17 = -p, 3*p + 2*p = 3*t - 35. Let z(y) be the second derivative of y**4/12 - 13*y**3/6 + 5*y**2 + 4*y. What are the prime factors of z(t)?
2, 5
Suppose 2*w + 53 + 47 = -2*f, 4*f = -w - 185. Suppose 5*j - y + 3*y - 411 = 0, -3*y - 396 = -5*j. Let t = f + j. What are the prime factors of t?
2, 3
Suppose -2*g + 1317 = -5*i - 1183, -5*g + 2*i = -6292. List the prime factors of g.
2, 3, 5, 7
Suppose 46537 = 38*n - 17569. List the prime factors of n.
7, 241
Let j = -1 + 1. Suppose 505 = 5*v + 3*h - 0*h, -5*h + 25 = j. List the prime factors of v.
2, 7
Suppose 239 = -4*n + 939. Let v be n + -6 + (-1)/1. Suppose q - 42 = 3*o, 2*q - v = -2*q - 3*o. What are the prime factors of q?
2, 3, 7
Suppose 6*w = w - 20. Let c be -1*(-3 - w - 21). Suppose -4*i - c = -5*g, -5*g + 25 = 3*i + 5. List the prime factors of g.
2
Let f(i) = -i**2 + 12*i - 10. Suppose -6*n = 4*g - 2*n - 160, 0 = -4*n. Suppose -g = -4*b - b. What are the prime factors of f(b)?
2, 11
Suppose 3*s = g - 39, -24*s = 4*g - 26*s - 156. Suppose -3*p - 2*p - 111 = -2*f, 4*f = -8. Let x = p + g. List the prime factors of x.
2
Suppose 203*k - 205*k - 4 = 0, 4*n + 5*k - 7090 = 0. List the prime factors of n.
5, 71
List the prime factors of ((-5)/((-45)/9069))/((-20)/(-60)).
3023
What are the prime factors of (-41)/(-123) - (-1472)/3?
491
Let w(x) = 60*x**3 + 4*x**2 - 6*x + 19. What are the prime factors of w(4)?
7, 557
Let h be -3 - (0 + 2 - 9). Let p = h + 55. What are the prime factors of p?
59
Let g = 23 + -14. Suppose 53 = y - g. Suppose -4*i - 3*d + 5*d = -y, 5*i - 85 = 5*d. What are the prime factors of i?
2, 7
Let k(c) = c**2 + 7*c + 6. Suppose 6 = 5*r - 6*r. Let b be k(r). Suppose 5*h + 5*y - 110 = b, h + 2*h + 2*y - 65 = 0. What are the prime factors of h?
3, 7
Let u(l) = -4*l - 13. Let d(s) = -11*s**3. Let r be d(1). What are the prime factors of u(r)?
31
Let s(z) = z + 1. Let g be s(-2). Let n(f) = f**3 - 4*f**2 - 1. Let r be n(4). What are the prime factors of (r - g)/3 + 3?
3
Suppose 4*l + 3*q = -2*q + 353, -q + 88 = l. What are the prime factors of l?
3, 29
What are the prime factors of (-4 - 51/(-9)) + 3783/9?
2, 211
Let p(d) = 79*d - 377. List the prime factors of p(13).
2, 5, 13
What are the prime factors of 6/((-72)/(-30468)) - -8?
3, 283
Let p(z) = 143*z + 1156. What are the prime factors of p(9)?
7, 349
Let w = -172 - -197. List the prime factors of w.
5
Let u = 13 + 18. Suppose 0 = 33*l - u*l - 292. List the prime factors of l.
2, 73
Suppose -5*k - 4 + 29 = 0. Let g be -1*(-1 - (-2 + 1)). Suppose -h = -2*n - g*h + 23, n - 7 = k*h. List the prime factors of n.
2, 3
Let x = 1882 - 1312. Suppose -4*j = -x + 86. List the prime factors of j.
11
Suppose k = -3*x - 4*k + 604, 2*k = 2*x - 408. What are the prime factors of x?
7, 29
Let x(i) = i**2 - 2*i - 3. Let u be x(3). Suppose -s - s + 9 = -w, u = s + 4*w. Suppose -3*l = -s*l + 27. What are the prime factors of l?
3
Let h be 4/10 + 62/(-5). Let y be (-536)/(-14) + 4/(-14). Let b = h + y. What are the prime factors of b?
2, 13
Let p(g) = -6 + g**2 + 58*g - 66*g + g**2. What are the prime factors of p(-4)?
2, 29
Let u be 782/(-6) - 5/(-15). Suppose -6*i - 182 